ime factors of 132378.
2, 3, 22063
List the prime factors of 34995.
3, 5, 2333
What are the prime factors of 30019?
11, 2729
List the prime factors of 1815.
3, 5, 11
List the prime factors of 115400.
2, 5, 577
List the prime factors of 6995.
5, 1399
What are the prime factors of 827?
827
List the prime factors of 949.
13, 73
What are the prime factors of 43638?
2, 3, 7, 1039
List the prime factors of 12031.
53, 227
What are the prime factors of 82511?
11, 13, 577
List the prime factors of 33942.
2, 3, 5657
List the prime factors of 1225.
5, 7
List the prime factors of 23965.
5, 4793
List the prime factors of 6930.
2, 3, 5, 7, 11
What are the prime factors of 106?
2, 53
List the prime factors of 174.
2, 3, 29
What are the prime factors of 15924?
2, 3, 1327
What are the prime factors of 41880?
2, 3, 5, 349
List the prime factors of 18.
2, 3
What are the prime factors of 19374?
2, 3, 3229
What are the prime factors of 435?
3, 5, 29
What are the prime factors of 10840?
2, 5, 271
What are the prime factors of 5416?
2, 677
What are the prime factors of 777?
3, 7, 37
What are the prime factors of 2222?
2, 11, 101
List the prime factors of 4415.
5, 883
List the prime factors of 23745.
3, 5, 1583
What are the prime factors of 11806?
2, 5903
List the prime factors of 93252.
2, 3, 19, 409
What are the prime factors of 10853?
10853
What are the prime factors of 2655?
3, 5, 59
What are the prime factors of 8894?
2, 4447
List the prime factors of 20148.
2, 3, 23, 73
What are the prime factors of 1066?
2, 13, 41
What are the prime factors of 128?
2
List the prime factors of 82942.
2, 113, 367
List the prime factors of 38219.
38219
What are the prime factors of 25345?
5, 37, 137
List the prime factors of 2543.
2543
What are the prime factors of 102?
2, 3, 17
List the prime factors of 6009.
3, 2003
List the prime factors of 91059.
3, 127, 239
List the prime factors of 3152.
2, 197
List the prime factors of 8000.
2, 5
What are the prime factors of 20489?
7, 2927
What are the prime factors of 17366?
2, 19, 457
List the prime factors of 293.
293
What are the prime factors of 3482?
2, 1741
What are the prime factors of 205?
5, 41
What are the prime factors of 1261?
13, 97
What are the prime factors of 6781?
6781
List the prime factors of 108946.
2, 19, 47, 61
What are the prime factors of 31303?
23, 1361
What are the prime factors of 68057?
11, 23, 269
What are the prime factors of 1117?
1117
List the prime factors of 37813.
37813
List the prime factors of 6743.
11, 613
List the prime factors of 1013.
1013
List the prime factors of 4670.
2, 5, 467
List the prime factors of 527.
17, 31
List the prime factors of 60686.
2, 19, 1597
What are the prime factors of 3325?
5, 7, 19
What are the prime factors of 2178?
2, 3, 11
What are the prime factors of 5791?
5791
List the prime factors of 23215.
5, 4643
What are the prime factors of 358?
2, 179
What are the prime factors of 55901?
55901
List the prime factors of 222.
2, 3, 37
List the prime factors of 704.
2, 11
List the prime factors of 2114.
2, 7, 151
What are the prime factors of 67964?
2, 13, 1307
What are the prime factors of 1233?
3, 137
What are the prime factors of 775?
5, 31
List the prime factors of 15381.
3, 1709
List the prime factors of 92667.
3, 17, 23, 79
What are the prime factors of 117111?
3, 103, 379
What are the prime factors of 1690?
2, 5, 13
List the prime factors of 40919.
17, 29, 83
What are the prime factors of 578?
2, 17
What are the prime factors of 19118?
2, 11, 79
What are the prime factors of 16774?
2, 8387
List the prime factors of 7603.
7603
List the prime factors of 1255.
5, 251
What are the prime factors of 15233?
15233
What are the prime factors of 78225?
3, 5, 7, 149
What are the prime factors of 1428?
2, 3, 7, 17
List the prime factors of 42404.
2, 10601
List the prime factors of 1053.
3, 13
What are the prime factors of 1347?
3, 449
List the prime factors of 21298.
2, 23, 463
What are the prime factors of 16047?
3, 1783
What are the prime factors of 7432?
2, 929
What are the prime factors of 953?
953
List the prime factors of 1014.
2, 3, 13
List the prime factors of 14855.
5, 2971
List the prime factors of 636.
2, 3, 53
What are the prime factors of 12350?
2, 5, 13, 19
What are the prime factors of 22082?
2, 61, 181
List the prime factors of 47560.
2, 5, 29, 41
What are the prime factors of 667?
23, 29
List the prime factors of 857.
857
What are the prime factors of 1674?
2, 3, 31
List the prime factors of 1576.
2, 197
List the prime factors of 8487.
3, 23, 41
List the prime factors of 140092.
2, 35023
List the prime factors of 572.
2, 11, 13
List the prime factors of 13992.
2, 3, 11, 53
List the prime factors of 32163.
3, 71, 151
What are the prime factors of 3429?
3, 127
List the prime factors of 72123.
3, 29, 829
List the prime factors of 1462.
2, 17, 43
List the prime factors of 22.
2, 11
What are the prime factors of 22851?
3, 2539
What are the prime factors of 21082?
2, 83, 127
What are the prime factors of 4433?
11, 13, 31
What are the prime factors of 1150?
2, 5, 23
What are the prime factors of 23868?
2, 3, 13, 17
List the prime factors of 41464.
2, 71, 73
List the prime factors of 728.
2, 7, 13
What are the prime factors of 19250?
2, 5, 7, 11
What are the prime factors of 893?
19, 47
List the prime factors of 895.
5, 179
List the prime factors of 85110.
2, 3, 5, 2837
List the prime factors of 681.
3, 227
What are the prime factors of 94?
2, 47
What are the prime factors of 6304?
2, 197
What are the prime factors of 3407?
3407
List the prime factors of 1631.
7, 233
What are the prime factors of 76977?
3, 2851
List the prime factors of 229.
229
List the prime factors of 14314.
2, 17, 421
What are the prime factors of 4073?
4073
What are the prime factors of 40155?
3, 5, 2677
List the prime factors of 123241.
251, 491
What are the prime factors of 13528?
2, 19, 89
List the prime factors of 18982.
2, 9491
What are the prime factors of 1073?
29, 37
What are the prime factors of 9869?
71, 139
List the prime factors of 16186.
2, 8093
List the prime factors of 25507.
23, 1109
What are the prime factors of 7835?
5, 1567
What are the prime factors of 64?
2
What are the prime factors of 1567?
1567
What are the prime factors of 733?
733
List the prime factors of 8339.
31, 269
What are the prime factors of 10106?
2, 31, 163
List the prime factors of 3336.
2, 3, 139
List the prime factors of 119867.
11, 17, 641
List the prime factors of 25092.
2, 3, 17, 41
List the prime factors of 11566.
2, 5783
List the prime factors of 629.
17, 37
What are the prime factors of 833?
7, 17
What are the prime factors of 9549?
3, 1061
What are the prime factors of 24512?
2, 383
List the prime factors of 7088.
2, 443
What are the prime factors of 17008?
2, 1063
What are the prime factors of 6227?
13, 479
What are the prime factors of 8757?
3, 7, 139
What are the prime factors of 5863?
11, 13, 41
List the prime factors of 38298.
2, 3, 13, 491
List the prime factors of 36985.
5, 13, 569
What are the prime factors of 7444?
2, 1861
List the prime factors of 77513.
77513
List the prime factors of 9543.
3, 3181
List the prime factors of 2472.
2, 3, 103
What are the prime factors of 27017?
27017
List the prime factors of 22919.
13, 41, 43
List the prime factors of 22842.
2, 3, 47
List the prime factors of 44707.
13, 19, 181
What are the prime factors of 26325?
3, 5, 13
List the prime factors of 3306.
2, 3, 19, 29
List the prime factors of 1433.
1433
List the prime factors of 26069.
131, 199
What are the prime factors of 1514?
2, 757
What are the prime factors of 4128?
2, 3, 43
List the prime factors of 432.
2, 3
What are the prime factors of 5763?
3, 17, 113
List the prime factors of 1672.
2, 11, 19
What are the prime factors of 11879?
7, 1697
What are the prime factors of 1553?
1553
List the prime factors of 3762.
2, 3, 11, 19
List the prime factors of 23070.
2, 3, 5, 769
List the prime factors of 12028.
2, 31, 97
What are the prime factors of 32978?
2, 11, 1499
List the prime factors of 1638.
2, 3, 7, 13
List the prime factors of 35107.
35107
List the prime factors of 33027.
3, 101, 109
List the prime factors of 11383.
11383
List the prime factors of 255.
3, 5, 17
What are the prime factors of 1077?
3, 35